to base 3
-2200122211020
What is -66a09 (base 12) in base 14?
-3790d
Convert -1d5a83 (base 15) to base 5.
-331433443
-449249 (base 11) to base 2
-10101110100100100010
Convert 494289 (base 12) to base 2.
100100010010110001001
-55b162 (base 12) to base 14
-2782b8
Convert -2524d5 (base 16) to base 15.
-3313e1
343242 (base 6) to base 14
a93c
43402404 (base 5) to base 7
3110134
Convert 2020100222200 (base 3) to base 2.
100100010000110100101
Convert -1111a3a (base 13) to base 3.
-100211202000220
What is 11545262 (base 7) in base 13?
2a3b33
What is 332322330 (base 5) in base 8?
5415021
What is -486859 (base 10) in base 4?
-1312313023
35643733 (base 8) to base 3
112201011011011
What is -203332132 (base 4) in base 10?
-147358
Convert -12412114201 (base 5) to base 11.
-8733244
Convert -201212320 (base 4) to base 13.
-4a86c
-1ac059 (base 13) to base 2
-10100110110101001101
What is 21201221210 (base 3) in base 6?
3133120
What is -410155 (base 8) in base 15?
-2a137
Convert 1136b30 (base 14) to base 15.
ac0015
What is 10442003201 (base 5) in base 8?
54415355
What is 20268 (base 9) in base 3?
200022022
Convert 106911 (base 16) to base 12.
43a469
What is -340114 (base 7) in base 12?
-2a931
1742703 (base 12) to base 9
10048213
2235075 (base 10) to base 14
422763
What is 2485b33 (base 13) in base 10?
11380164
What is 13203112100 (base 4) in base 8?
7432620
What is -450631 (base 8) in base 16?
-25199
Convert -1014045 (base 8) to base 4.
-1001200211
-1222121002021 (base 3) to base 13
-2ac220
Convert 1011211022 (base 3) to base 6.
255225
What is 21333313213 (base 4) in base 13?
709c3c
2002113 (base 5) to base 3
1121020220
Convert -40290 (base 15) to base 13.
-7158c
What is -21152153 (base 6) in base 13?
-189a32
Convert -436227 (base 11) to base 2.
-10101010000001000000
What is -883870 (base 9) in base 14?
-da4a6
What is 142102114 (base 5) in base 14?
152c2c
What is -354248 (base 9) in base 7?
-1545131
2280961 (base 10) to base 12
920001
2202221012210 (base 3) to base 14
2a5719
What is -55d4a4 (base 15) in base 11?
-2347643
Convert -5108 (base 10) to base 2.
-1001111110100
12200210111 (base 3) to base 12
54a71
What is 129076 (base 12) in base 11?
199953
-a6ac (base 16) to base 7
-235253
Convert -281b5 (base 12) to base 13.
-1c3b2
Convert -562c7 (base 14) to base 10.
-209111
100233201 (base 5) to base 16
61748
What is -518085 (base 12) in base 16?
-138365
Convert -11000110100001011101 (base 2) to base 13.
-22616c
What is -b18744 (base 16) in base 9?
-23802472
What is -110302303 (base 4) in base 6?
-1454151
Convert 67925 (base 11) to base 2.
10111111111100111
-5153362 (base 9) to base 3
-12011210102002
Convert 5ca4e (base 16) to base 14.
9c410
What is 89c14 (base 13) in base 6?
5210454
Convert -4124715 (base 8) to base 5.
-234421140
Convert -1101102002012 (base 3) to base 10.
-736349
Convert 1232001122 (base 4) to base 10.
450650
What is -2231202112 (base 4) in base 6?
-23122434
89b28 (base 15) to base 6
13215132
Convert -412888 (base 9) to base 14.
-6539d
Convert -131002030 (base 4) to base 15.
-25384
What is -858854 (base 15) in base 4?
-120100000030
Convert 773373 (base 9) to base 12.
1a3286
What is 116571 (base 8) in base 13?
15470
-7a193 (base 11) to base 2
-11100010100110100
146713 (base 10) to base 13
51a18
What is -2520436 (base 8) in base 11?
-436409
Convert 1c29d (base 16) to base 7.
660214
What is 21c10 (base 13) in base 10?
61360
Convert -1133545 (base 7) to base 11.
-9845a
-468e6c (base 15) to base 11
-19a3072
Convert 57a087 (base 11) to base 9.
1653516
1514512 (base 6) to base 13
31004
Convert 96a0 (base 12) to base 15.
4d76
2324435 (base 6) to base 12
5971b
Convert 14a1573 (base 13) to base 14.
c3b727
Convert -30623355 (base 8) to base 11.
-373907a
22201124 (base 6) to base 14
135b40
Convert -21111012110 (base 3) to base 6.
-3054233
-409061 (base 12) to base 6
-33400201
Convert -9286c (base 13) to base 15.
-52d5a
-7b5a (base 12) to base 15
-411a
What is -100101110200012 (base 3) in base 8?
-23020156
-5bbfa (base 16) to base 3
-201002111121
2314433204 (base 5) to base 15
6d5a39
-1452001 (base 6) to base 7
-501601
-47276377 (base 8) to base 15
-d8d1bb
5791a (base 15) to base 12
115414
11000101111111011 (base 2) to base 6
2101151
-51113315 (base 6) to base 8
-5434057
6724621 (base 8) to base 6
102504545
What is 250da93 (base 14) in base 8?
103662141
What is -111010010000 (base 2) in base 5?
-104403
Convert 20e155 (base 15) to base 10.
1566305
What is 114540 (base 6) in base 5?
311030
What is -1000202112 (base 3) in base 9?
-30675
49115 (base 11) to base 16
11418
Convert -101242330 (base 5) to base 9.
-702658
Convert 3631314 (base 8) to base 14.
1bcdc0
Convert -374216 (base 8) to base 11.
-89054
-2023312122 (base 4) to base 8
-2136632
10011120002 (base 3) to base 8
171644
What is 31433351 (base 6) in base 7?
10560520
d272 (base 16) to base 13
1b6a2
-475337 (base 9) to base 3
-112112101021
14741483 (base 9) to base 13
16a42b2
-419bb (base 14) to base 10
-158337
Convert -1332022440 (base 5) to base 15.
-47019a
What is -4521240 (base 6) in base 9?
-377276
Convert 626222 (base 7) to base 4.
122110220
What is 302a7 (base 15) in base 10?
152482
-1011111110000101 (base 2) to base 14
-13c21
What is -2002202012010 (base 3) in base 12?
-45a486
What is -10332211122 (base 5) in base 14?
-16bb49c
Convert 4211510 (base 6) to base 4.
301301202
What is -10636165 (base 7) in base 10?
-933742
2ab87b (base 13) to base 15
15c397
Convert -1518402 (base 9) to base 2.
-11001100111011101101
What is a9b7c (base 13) in base 6?
10330521
What is -bb309 (base 15) in base 4?
-2101023330
What is -2771112 (base 9) in base 4?
-11303310131
What is -2ac09 (base 14) in base 12?
-51861
-131244 (base 8) to base 4
-23022210
Convert 1112112 (base 6) to base 8.
155614
131022100220 (base 4) to base 13
17784c5
Convert cdbce (base 16) to base 14.
17d170
Convert -5a53331 (base 11) to base 9.
-21753237
771075 (base 8) to base 2
111111001000111101
Convert -89452 (base 13) to base 5.
-30432004
145464452 (base 7) to base 5
4442333312
Convert 2332133 (base 7) to base 16.
47b31
Convert -11004341 (base 5) to base 2.
-10111000010001010
What is 520494 (base 11) in base 14?
17a4ba
What is -1666281 (base 9) in base 11?
-585561
2061e (base 16) to base 3
20201221112
What is 222512 (base 8) in base 2?
10010010101001010
What is 2344322 (base 6) in base 10?
122810
12344131 (base 5) to base 12
5a593
What is 17a9c (base 16) in base 3?
11220221210
What is -3130320102 (base 4) in base 2?
-11011100111000010010
Convert -1177216 (base 8) to base 12.
-1394ba
2645652 (base 7) to base 13
c23c1
What is -346e8 (base 16) in base 6?
-4334132
1489a1 (base 13) to base 7
4201422
What is -658127 (base 10) in base 14?
-131bb1
-2220301212 (base 4) to base 6
-22452250
Convert 1344662 (base 8) to base 4.
1130212302
Convert 7007207 (base 9) to base 16.
38d82f
Convert -20070 (base 15) to base 12.
-4a7a3
121312301331 (base 4) to base 6
401135313
Convert 21985a (base 13) to base 12.
32264b
-472356 (base 10) to base 9
-788850
Convert -1020221215 (base 6) to base 7.
-156401042
Convert 13327075 (base 9) to base 4.
121010222330
Convert 64899 (base 12) to base 2.
100000010111110101
Convert 1033333 (base 6) to base 10.
51321
Convert 32187b (base 13) to base 3.
2012200022122
201310324 (base 5) to base 12
32abb0
Convert -21000000212022 (base 3) to base 6.
-211425312
Convert -111122102111 (base 3) to base 11.
-173876
What is 21102300320 (base 4) in base 11?
1414354
Convert -44621 (base 11) to base 16.
-fc7d
102972 (base 12) to base 4
331323212
8414 (base 11) to base 9
16255
Convert 25132 (base 14) to base 2.
10110001010101000
1234015242 (base 6) to base 15
140b28e
What is -7465350 (base 8) in base 16?
-1e6ae8
Convert 4541556 (base 9) to base 10.
2448438
-b5a3 (base 16) to base 10
-46499
Convert 51b27 (base 13) to base 9.
243445
-124a471 (base 11) to base 16
-210d53
Convert -6233602 (base 7) to base 9.
-1360101
769a (base 13) to base 9
24585
4b21b3 (base 15) to base 10
3601518
Convert -223040533 (base 6) to base 16.
-3e04c9
-115091 (base 12) to base 10
-278317
Convert -1010011011110011010 (base 2) to base 8.
-1233632
What is -3c168 (base 13) in base 12?
-54ba6
Convert 5512413 (base 8) to base 7.
15402500
What is -5206256 (base 8) in base 7?
-1450